{"id":1930,"date":"2023-06-10T23:59:37","date_gmt":"2023-06-10T23:59:37","guid":{"rendered":"https:\/\/crashzentrale.de\/?page_id=1930"},"modified":"2023-10-13T09:50:29","modified_gmt":"2023-10-13T09:50:29","slug":"schadensgutachten2","status":"publish","type":"page","link":"https:\/\/crashzentrale.de\/?page_id=1930","title":{"rendered":"Schadengutachten"},"content":{"rendered":"<p><div class=\"fusion-fullwidth fullwidth-box fusion-builder-row-1 fusion-flex-container has-pattern-background has-mask-background fusion-parallax-none nonhundred-percent-fullwidth non-hundred-percent-height-scrolling lazyload\" style=\"--awb-border-radius-top-left:0px;--awb-border-radius-top-right:0px;--awb-border-radius-bottom-right:0px;--awb-border-radius-bottom-left:0px;--awb-padding-bottom:279px;--awb-background-size:cover;\" data-bg=\"https:\/\/crashzentrale.de\/wp-content\/uploads\/2023\/10\/crash-car-1180834.jpg\" ><div class=\"fusion-builder-row fusion-row fusion-flex-align-items-flex-start\" style=\"max-width:calc( 1200px + 80px );margin-left: calc(-80px \/ 2 );margin-right: calc(-80px \/ 2 );\"><div class=\"fusion-layout-column fusion_builder_column fusion-builder-column-0 fusion_builder_column_1_1 1_1 fusion-flex-column\" style=\"--awb-bg-size:cover;--awb-width-large:100%;--awb-margin-top-large:0px;--awb-spacing-right-large:40px;--awb-margin-bottom-large:20px;--awb-spacing-left-large:40px;--awb-width-medium:100%;--awb-order-medium:0;--awb-spacing-right-medium:40px;--awb-spacing-left-medium:40px;--awb-width-small:100%;--awb-order-small:0;--awb-spacing-right-small:40px;--awb-spacing-left-small:40px;\"><div class=\"fusion-column-wrapper fusion-column-has-shadow fusion-flex-justify-content-flex-start fusion-content-layout-column\"><\/div><\/div><\/div><\/div><div class=\"fusion-fullwidth fullwidth-box fusion-builder-row-2 fusion-flex-container has-pattern-background has-mask-background nonhundred-percent-fullwidth non-hundred-percent-height-scrolling\" style=\"--awb-border-radius-top-left:0px;--awb-border-radius-top-right:0px;--awb-border-radius-bottom-right:0px;--awb-border-radius-bottom-left:0px;--awb-padding-top:72px;--awb-padding-bottom:145px;--awb-background-color:#000000;\" ><div class=\"fusion-builder-row fusion-row fusion-flex-align-items-flex-start\" style=\"max-width:calc( 1200px + 80px );margin-left: calc(-80px \/ 2 );margin-right: calc(-80px \/ 2 );\"><div class=\"fusion-layout-column fusion_builder_column fusion-builder-column-1 fusion_builder_column_1_1 1_1 fusion-flex-column\" style=\"--awb-bg-color:var(--awb-color4);--awb-bg-color-hover:var(--awb-color4);--awb-bg-size:cover;--awb-width-large:100%;--awb-margin-top-large:26px;--awb-spacing-right-large:40px;--awb-margin-bottom-large:20px;--awb-spacing-left-large:259px;--awb-width-medium:100%;--awb-order-medium:0;--awb-spacing-right-medium:40px;--awb-spacing-left-medium:259px;--awb-width-small:100%;--awb-order-small:0;--awb-spacing-right-small:40px;--awb-spacing-left-small:40px;\"><div class=\"fusion-column-wrapper fusion-column-has-shadow fusion-flex-justify-content-flex-start fusion-content-layout-column\"><div class=\"fusion-title title fusion-title-1 fusion-sep-none fusion-title-center fusion-title-text fusion-title-size-one\" style=\"--awb-text-color:#000000;--awb-font-size:2em;\"><h1 class=\"title-heading-center\" style=\"margin:0;font-size:1em;text-transform:capitalize;\"><h1>Schadengutachten<\/h1><\/h1><\/div><\/div><\/div><div class=\"fusion-layout-column fusion_builder_column fusion-builder-column-2 fusion_builder_column_1_2 1_2 fusion-flex-column fusion-flex-align-self-center fusion-animated\" style=\"--awb-padding-top:40px;--awb-padding-top-small:41px;--awb-bg-size:cover;--awb-width-large:50%;--awb-margin-top-large:0px;--awb-spacing-right-large:80px;--awb-margin-bottom-large:0px;--awb-spacing-left-large:40px;--awb-width-medium:50%;--awb-order-medium:0;--awb-spacing-right-medium:80px;--awb-spacing-left-medium:40px;--awb-width-small:100%;--awb-order-small:1;--awb-spacing-right-small:40px;--awb-margin-bottom-small:60px;--awb-spacing-left-small:40px;\" data-animationType=\"fadeInLeft\" data-animationDuration=\"1.0\" data-animationOffset=\"top-into-view\"><div class=\"fusion-column-wrapper fusion-column-has-shadow fusion-flex-justify-content-center fusion-content-layout-column\"><div class=\"fusion-title title fusion-title-2 fusion-sep-none fusion-title-text fusion-title-size-one\" style=\"--awb-text-color:#ffffff;--awb-font-size:2em;\"><h1 class=\"title-heading-left\" style=\"margin:0;font-size:1em;text-transform:capitalize;\"><\/h1><\/div><div class=\"fusion-text fusion-text-1 fusion-text-no-margin\" style=\"--awb-font-size:var(--awb-typography2-font-size);--awb-line-height:var(--awb-typography2-line-height);--awb-letter-spacing:var(--awb-typography2-letter-spacing);--awb-text-transform:var(--awb-typography2-text-transform);--awb-margin-bottom:10px;--awb-text-font-family:var(--awb-typography2-font-family);--awb-text-font-weight:var(--awb-typography2-font-weight);--awb-text-font-style:var(--awb-typography2-font-style);\"><p><span style=\"color: #ffffff; font-size: 16px;\" data-fusion-font=\"true\"><span style=\"font-size: 18px;\" data-fusion-font=\"true\">Egal ob Haftpflicht- oder Kaskoschaden.. <\/span><br \/><\/span><\/p>\n<p><span style=\"color: rgb(255, 255, 255); font-size: 18px;\" data-fusion-font=\"true\">Ich k\u00fcmmere mich darum !<\/span><strong><br \/>\n<\/strong><\/p>\n<p><strong style=\"color: #ffffff;\"> <\/strong><\/p>\n<p><strong style=\"color: rgb(255, 255, 255); font-size: 13px;\" data-fusion-font=\"true\">Bei einem nicht selbstverschuldeten Unfall d\u00fcrfen SIE frei w\u00e4hlen, welchen Kfz-Sachverst\u00e4ndigen sie beauftragen.<\/strong><\/p>\n<p><strong style=\"color: rgb(255, 255, 255); font-size: 13px;\" data-fusion-font=\"true\">Lassen Sie sich nicht auf Empfehlungen der gegnerischen Versicherung ein.<\/strong><\/p>\n<p><strong style=\"color: rgb(255, 255, 255); font-size: 13px;\" data-fusion-font=\"true\">Rufen Sie mich einfach nach dem Unfall an ( m\u00f6glichst zeitnah ) und vereinbaren sie einen Termin.<\/strong><\/p>\n<\/div><div class=\"fusion-separator\" style=\"align-self: flex-start;margin-right:auto;margin-top:40px;margin-bottom:50px;width:100%;max-width:400px;\"><div class=\"fusion-separator-border sep-single sep-solid\" style=\"--awb-height:20px;--awb-amount:20px;--awb-sep-color:var(--awb-color4);border-color:var(--awb-color4);border-top-width:4px;\"><\/div><\/div><div class=\"fusion-text fusion-text-2 fusion-animated\" style=\"--awb-text-color:#f4f4f4;\" data-animationType=\"fadeInLeft\" data-animationDuration=\"0.3\" data-animationOffset=\"top-into-view\"><p><strong><span dir=\"ltr\" role=\"presentation\"><u><span style=\"font-size: 18px;\" data-fusion-font=\"true\">Wichtige Hinweise<\/span><\/u><\/span><\/strong><\/p>\n<ul>\n<li style=\"list-style-type: none;\">\n<ul>\n<li><span dir=\"ltr\" role=\"presentation\" style=\"font-size: 18px;\" data-fusion-font=\"true\">Lassen Sie sich weder vom Unfallgegner, Zeugen oder Versicherungen einsch\u00fcchtern oder verunsichern.<\/span><\/li>\n<li><span dir=\"ltr\" role=\"presentation\" style=\"font-size: 18px;\" data-fusion-font=\"true\">Bleiben Sie stets sachlich und gelassen.<\/span><\/li>\n<li><span dir=\"ltr\" role=\"presentation\" style=\"font-size: 18px;\" data-fusion-font=\"true\">Unterzeichnen Sie kein Schuldeingest\u00e4ndnis<\/span><\/li>\n<li><span dir=\"ltr\" role=\"presentation\" style=\"font-size: 18px;\" data-fusion-font=\"true\">Machen Sie keinerlei Zugest\u00e4ndnisse gegen\u00fcber der gegnerischen Versicherung.<\/span><\/li>\n<li><span dir=\"ltr\" role=\"presentation\" style=\"font-size: 18px;\" data-fusion-font=\"true\">Lassen Sie sich nicht auf das Schadenmanagement der gegnerischen Versicherung ein.<\/span><\/li>\n<li><span dir=\"ltr\" role=\"presentation\" style=\"font-size: 18px;\" data-fusion-font=\"true\">Beauftragen Sie einen Anwalt f\u00fcr Verkehrsrecht.<\/span><\/li>\n<li><span dir=\"ltr\" role=\"presentation\"><span style=\"font-size: 18px;\" data-fusion-font=\"true\">Schalten Sie einen qualifizierten Kfz Sachverst\u00e4ndigen Ihrer Wahl ein.<\/span><br \/><span style=\"font-size: 18px;\" data-fusion-font=\"true\"><\/span><\/span><span dir=\"ltr\" role=\"presentation\" style=\"font-size: 18px;\" data-fusion-font=\"true\"><\/span><\/li>\n<li><span dir=\"ltr\" role=\"presentation\" style=\"font-size: 18px;\" data-fusion-font=\"true\">Als Gesch\u00e4digter haben Sie das Recht,<\/span><br role=\"presentation\"><span dir=\"ltr\" role=\"presentation\" style=\"font-size: 18px;\" data-fusion-font=\"true\">einen Sachverst\u00e4ndigen Ihrer Wahl einzuschalten<\/span><\/li>\n<\/ul>\n<\/li>\n<\/ul>\n<\/div><\/div><\/div><\/div><\/div><div class=\"fusion-fullwidth fullwidth-box fusion-builder-row-3 fusion-flex-container has-pattern-background has-mask-background nonhundred-percent-fullwidth non-hundred-percent-height-scrolling\" style=\"--awb-border-radius-top-left:0px;--awb-border-radius-top-right:0px;--awb-border-radius-bottom-right:0px;--awb-border-radius-bottom-left:0px;--awb-background-color:#000000;\" ><div class=\"fusion-builder-row fusion-row fusion-flex-align-items-flex-start\" style=\"max-width:calc( 1200px + 80px );margin-left: calc(-80px \/ 2 );margin-right: calc(-80px \/ 2 );\"><div class=\"fusion-layout-column fusion_builder_column fusion-builder-column-3 fusion_builder_column_1_1 1_1 fusion-flex-column\" style=\"--awb-bg-size:cover;--awb-width-large:100%;--awb-margin-top-large:0px;--awb-spacing-right-large:40px;--awb-margin-bottom-large:20px;--awb-spacing-left-large:40px;--awb-width-medium:100%;--awb-order-medium:0;--awb-spacing-right-medium:40px;--awb-spacing-left-medium:40px;--awb-width-small:100%;--awb-order-small:0;--awb-spacing-right-small:40px;--awb-spacing-left-small:40px;\"><div class=\"fusion-column-wrapper fusion-column-has-shadow fusion-flex-justify-content-flex-start fusion-content-layout-column\"><div class=\"fusion-text fusion-text-3\"><p><span dir=\"ltr\" style=\"color: #ffffff;\" role=\"presentation\"> <\/span><\/p>\n<p><span dir=\"ltr\" style=\"color: #ffffff;\" role=\"presentation\"> <\/span><\/p>\n<p><span dir=\"ltr\" style=\"color: rgb(255, 255, 255); font-size: 20px;\" role=\"presentation\" data-fusion-font=\"true\">Autounfall \u2013 Tipps zum richtigen Verhalten<\/span><\/p>\n<p><span dir=\"ltr\" style=\"color: #ffffff;\" role=\"presentation\"><b><u>1. Ruhig bleiben und kontrolliert handeln<\/u><\/b><\/span><br role=\"presentation\"><span dir=\"ltr\" style=\"color: #ffffff;\" role=\"presentation\">Nach einem Unfall gilt es Ruhe zu bewahren. Gerade in der Ausnahmesituation eines Verkehrsunfalls ist es beson<\/span><span dir=\"ltr\" style=\"color: #ffffff;\" role=\"presentation\">ders wichtig die Kontrolle \u00fcber das Geschehen zu behalten. Werden Sie sich der Situation bewusst, in der Sie sich<\/span><br role=\"presentation\"><span dir=\"ltr\" style=\"color: #ffffff;\" role=\"presentation\">befinden und verschaffen Sie sich einen \u00dcberblick \u00fcber das Ausma\u00df des Unfalls.<\/span><\/p>\n<p><span dir=\"ltr\" style=\"color: #ffffff;\" role=\"presentation\"><b><u>2. Unfallstelle absichern<\/u><\/b><\/span><br role=\"presentation\"><span dir=\"ltr\" style=\"color: #ffffff;\" role=\"presentation\">Sichern Sie umgehend die Unfallstelle:<\/span><br role=\"presentation\"><span dir=\"ltr\" style=\"color: #ffffff;\" role=\"presentation\">\u2010<\/span> <span dir=\"ltr\" style=\"color: #ffffff;\" role=\"presentation\">Warnblinkanlage einschalten<\/span><br role=\"presentation\"><span dir=\"ltr\" style=\"color: #ffffff;\" role=\"presentation\">\u2010<\/span> <span dir=\"ltr\" style=\"color: #ffffff;\" role=\"presentation\">Warnweste anlegen<\/span><br role=\"presentation\"><span dir=\"ltr\" style=\"color: #ffffff;\" role=\"presentation\">\u2010<\/span> <span dir=\"ltr\" style=\"color: #ffffff;\" role=\"presentation\">Personen von der Fahrbahn aus dem Gefahrenbereich bringen<\/span><br role=\"presentation\"><span dir=\"ltr\" style=\"color: #ffffff;\" role=\"presentation\">\u2010<\/span> <span dir=\"ltr\" style=\"color: #ffffff;\" role=\"presentation\">Warndreieck aufstellen (Landstra\u00dfen ca. 100m\/ Autobahnen ca. 200m vor der Unfallstelle)<\/span><br role=\"presentation\"><span dir=\"ltr\" style=\"color: #ffffff;\" role=\"presentation\">Beachten Sie:<\/span> <span dir=\"ltr\" style=\"color: #ffffff;\" role=\"presentation\">R\u00e4umen Sie die Stra\u00dfe. Bei kleinen Blechsch\u00e4den soll der Verkehr nicht unn\u00f6tig beeintr\u00e4chtigt wer\u2010<\/span><br role=\"presentation\"><span dir=\"ltr\" style=\"color: #ffffff;\" role=\"presentation\">den.<\/span><\/p>\n<p><span dir=\"ltr\" style=\"color: #ffffff;\" role=\"presentation\"><b><u>3. Erste Hilfe f\u00fcr verletzte Personen leisten<\/u><\/b><\/span><br role=\"presentation\"><span dir=\"ltr\" style=\"color: #ffffff;\" role=\"presentation\">Achten Sie darauf, dass sich die Verletzten nicht mehr in der Gefahrenzone befinden. Leisten Sie die n\u00f6tige Erste<\/span><br role=\"presentation\"><span dir=\"ltr\" style=\"color: #ffffff;\" role=\"presentation\">Hilfe nach Ihrem Kenntnisstand (beteiligte Personen nach Verletzungen fragen), z.B. stabile Seitenlage, Wiederbele\u2010<\/span><br role=\"presentation\"><span dir=\"ltr\" style=\"color: #ffffff;\" role=\"presentation\">bung, Verletzungen versorgen, psychische Betreuung. K\u00fcmmern Sie sich um die Verletzten \u2013 sprechen Sie mit die\u2010<\/span><br role=\"presentation\"><span dir=\"ltr\" style=\"color: #ffffff;\" role=\"presentation\">sen, geben Sie Ihnen das Gef\u00fchl nicht allein zu sein.<\/span><br role=\"presentation\"><span dir=\"ltr\" style=\"color: #ffffff;\" role=\"presentation\">Beachten Sie:<\/span> <span dir=\"ltr\" style=\"color: #ffffff;\" role=\"presentation\">Unterlassene Hilfeleistung ist strafbar!<\/span><br role=\"presentation\"><span dir=\"ltr\" style=\"color: #ffffff;\" role=\"presentation\">Haben Sie keine Angst zu helfen, Sie k\u00f6nnen nichts falsch machen!<\/span><\/p>\n<p><span dir=\"ltr\" style=\"color: #ffffff;\" role=\"presentation\"><b><u>4. Notruf absetzen<\/u><\/b><\/span><br role=\"presentation\"><strong><span dir=\"ltr\" style=\"color: #ffffff;\" role=\"presentation\">Rufnummern:<\/span> <span dir=\"ltr\" style=\"color: #ffffff;\" role=\"presentation\">Polizei 110<\/span> <span dir=\"ltr\" style=\"color: #ffffff;\" role=\"presentation\">Feuerwehr 112<\/span><\/strong><br role=\"presentation\"><span dir=\"ltr\" style=\"color: #ffffff;\" role=\"presentation\">Geben Sie bei der Unfallmeldung die folgenden Informationen weiter:<\/span><br role=\"presentation\"><span dir=\"ltr\" style=\"color: #ffffff;\" role=\"presentation\">\u2010<\/span> <span dir=\"ltr\" style=\"color: #ffffff;\" role=\"presentation\">Wer spricht?<\/span><br role=\"presentation\"><span dir=\"ltr\" style=\"color: #ffffff;\" role=\"presentation\">\u2010<\/span> <span dir=\"ltr\" style=\"color: #ffffff;\" role=\"presentation\">Was ist passiert?<\/span><br role=\"presentation\"><span dir=\"ltr\" style=\"color: #ffffff;\" role=\"presentation\">\u2010<\/span> <span dir=\"ltr\" style=\"color: #ffffff;\" role=\"presentation\">Wo ist es passiert?<\/span><br role=\"presentation\"><span dir=\"ltr\" style=\"color: #ffffff;\" role=\"presentation\">\u2010<\/span> <span dir=\"ltr\" style=\"color: #ffffff;\" role=\"presentation\">Wann ist es passiert?<\/span><br role=\"presentation\"><span dir=\"ltr\" style=\"color: #ffffff;\" role=\"presentation\">\u2010<\/span> <span dir=\"ltr\" style=\"color: #ffffff;\" role=\"presentation\">Wie viele Verletzte?<\/span><br role=\"presentation\"><span dir=\"ltr\" style=\"color: #ffffff;\" role=\"presentation\">Beachten Sie:<\/span> <span dir=\"ltr\" style=\"color: #ffffff;\" role=\"presentation\">Sprechen Sie ruhig und deutlich!<\/span><br role=\"presentation\"><span dir=\"ltr\" style=\"color: #ffffff;\" role=\"presentation\">Warten Sie auf evtl. R\u00fcckfragen der Rettungsleitstelle!<\/span><br role=\"presentation\"><span dir=\"ltr\" style=\"color: #ffffff;\" role=\"presentation\">Bei schweren Verkehrsunf\u00e4llen, Verletzten und in strittigen Situationen die Polizei einschalten!<\/span><br role=\"presentation\"><span dir=\"ltr\" style=\"color: #ffffff;\" role=\"presentation\">Bei Personensch\u00e4den besteht die Pflicht die Polizei zu informieren!<\/span><br role=\"presentation\"><span dir=\"ltr\" style=\"color: #ffffff;\" role=\"presentation\">Hinweis:<\/span> <span dir=\"ltr\" style=\"color: #ffffff;\" role=\"presentation\">Sofern es sich nur um Kleinsch\u00e4den ohne Personenverletzung handelt, k\u00f6nnen Sie und andere Unfall\u2010<\/span><br role=\"presentation\"><span dir=\"ltr\" style=\"color: #ffffff;\" role=\"presentation\">beteiligte den Unfall selbst aufnehmen.<\/span><\/p>\n<p><span dir=\"ltr\" style=\"color: #ffffff;\" role=\"presentation\"><b><u>5. Am Unfallort bleiben<\/u><\/b><\/span><br role=\"presentation\"><span dir=\"ltr\" style=\"color: #ffffff;\" role=\"presentation\">Verlassen Sie auf keinen Fall die Unfallstelle, Sie w\u00fcrden sich ansonsten strafbar machen.<\/span><\/p>\n<p><span dir=\"ltr\" style=\"color: #ffffff;\" role=\"presentation\"><b><u>6. Beweissicherung<\/u><\/b><\/span><br role=\"presentation\"><span dir=\"ltr\" style=\"color: #ffffff;\" role=\"presentation\">Notieren Sie die Personen\u2010 und Versicherungsdaten des Unfallgegners:<\/span><br role=\"presentation\"><span dir=\"ltr\" style=\"color: #ffffff;\" role=\"presentation\">(Sollten die Versicherungsdaten nicht bekannt sein kann der Zentralruf der Autoversicherer weiterhelfen)<\/span><br role=\"presentation\"><span dir=\"ltr\" style=\"color: #ffffff;\" role=\"presentation\">Name, Vorname<\/span><br role=\"presentation\"><span dir=\"ltr\" style=\"color: #ffffff;\" role=\"presentation\">Stra\u00dfe<\/span><br role=\"presentation\"><span dir=\"ltr\" style=\"color: #ffffff;\" role=\"presentation\">Plz, Ort, Telefonnummer<\/span><br role=\"presentation\"><span dir=\"ltr\" style=\"color: #ffffff;\" role=\"presentation\">E\u2010Mail<\/span><br role=\"presentation\"><span dir=\"ltr\" style=\"color: #ffffff;\" role=\"presentation\">Personalausweisnummer<\/span><br role=\"presentation\"><span dir=\"ltr\" style=\"color: #ffffff;\" role=\"presentation\">Halter\/ Versicherungsnehmer<\/span><br role=\"presentation\"><span dir=\"ltr\" style=\"color: #ffffff;\" role=\"presentation\">Fahrzeugtyp<\/span><br role=\"presentation\"><span dir=\"ltr\" style=\"color: #ffffff;\" role=\"presentation\">Kennzeichen des Fahrzeugs<\/span><br role=\"presentation\"><span dir=\"ltr\" style=\"color: #ffffff;\" role=\"presentation\">Versicherungsschein\u2010Nr.<\/span><\/p>\n<\/div><\/div><\/div><\/div><\/div><\/p>\n","protected":false},"excerpt":{"rendered":"","protected":false},"author":1,"featured_media":0,"parent":0,"menu_order":0,"comment_status":"closed","ping_status":"closed","template":"100-width.php","meta":[],"_links":{"self":[{"href":"https:\/\/crashzentrale.de\/index.php?rest_route=\/wp\/v2\/pages\/1930"}],"collection":[{"href":"https:\/\/crashzentrale.de\/index.php?rest_route=\/wp\/v2\/pages"}],"about":[{"href":"https:\/\/crashzentrale.de\/index.php?rest_route=\/wp\/v2\/types\/page"}],"author":[{"embeddable":true,"href":"https:\/\/crashzentrale.de\/index.php?rest_route=\/wp\/v2\/users\/1"}],"replies":[{"embeddable":true,"href":"https:\/\/crashzentrale.de\/index.php?rest_route=%2Fwp%2Fv2%2Fcomments&post=1930"}],"version-history":[{"count":45,"href":"https:\/\/crashzentrale.de\/index.php?rest_route=\/wp\/v2\/pages\/1930\/revisions"}],"predecessor-version":[{"id":2453,"href":"https:\/\/crashzentrale.de\/index.php?rest_route=\/wp\/v2\/pages\/1930\/revisions\/2453"}],"wp:attachment":[{"href":"https:\/\/crashzentrale.de\/index.php?rest_route=%2Fwp%2Fv2%2Fmedia&parent=1930"}],"curies":[{"name":"wp","href":"https:\/\/api.w.org\/{rel}","templated":true}]}}