{"id":2131,"date":"2023-06-15T20:01:22","date_gmt":"2023-06-15T20:01:22","guid":{"rendered":"https:\/\/crashzentrale.de\/?page_id=2131"},"modified":"2023-09-17T19:48:03","modified_gmt":"2023-09-17T19:48:03","slug":"gut-zu-wissen","status":"publish","type":"page","link":"https:\/\/crashzentrale.de\/?page_id=2131","title":{"rendered":"Gut zu wissen!"},"content":{"rendered":"<p><div class=\"fusion-fullwidth fullwidth-box fusion-builder-row-1 fusion-flex-container fusion-parallax-none nonhundred-percent-fullwidth non-hundred-percent-height-scrolling lazyload\" style=\"--awb-border-radius-top-left:0px;--awb-border-radius-top-right:0px;--awb-border-radius-bottom-right:0px;--awb-border-radius-bottom-left:0px;--awb-padding-top:146px;--awb-padding-bottom:128px;--awb-padding-top-small:0px;--awb-padding-bottom-small:97px;--awb-margin-top:0px;--awb-margin-bottom:0px;--awb-margin-top-small:0px;--awb-margin-bottom-small:0px;--awb-background-color:var(--awb-color3);--awb-background-size:cover;\" data-bg=\"https:\/\/crashzentrale.de\/wp-content\/uploads\/2023\/06\/DSC00101-scaled.jpg\" ><div class=\"fusion-builder-row fusion-row fusion-flex-align-items-flex-start\" style=\"max-width:calc( 1200px + 80px );margin-left: calc(-80px \/ 2 );margin-right: calc(-80px \/ 2 );\"><div class=\"fusion-layout-column fusion_builder_column fusion-builder-column-0 fusion_builder_column_1_1 1_1 fusion-flex-column fusion-flex-align-self-flex-start fusion-column-no-min-height fusion-animated\" style=\"--awb-bg-blend:overlay;--awb-bg-size:cover;--awb-width-large:100%;--awb-margin-top-large:0px;--awb-spacing-right-large:40px;--awb-margin-bottom-large:20px;--awb-spacing-left-large:40px;--awb-width-medium:100%;--awb-spacing-right-medium:40px;--awb-spacing-left-medium:40px;--awb-width-small:100%;--awb-spacing-right-small:40px;--awb-spacing-left-small:40px;\" data-animationType=\"fadeInUp\" data-animationDuration=\"0.6\" data-animationOffset=\"top-into-view\"><div class=\"fusion-column-wrapper fusion-flex-justify-content-flex-start fusion-content-layout-column\"><\/div><\/div><\/div><\/div><div class=\"fusion-fullwidth fullwidth-box fusion-builder-row-2 fusion-flex-container nonhundred-percent-fullwidth non-hundred-percent-height-scrolling\" style=\"--awb-border-radius-top-left:0px;--awb-border-radius-top-right:0px;--awb-border-radius-bottom-right:0px;--awb-border-radius-bottom-left:0px;--awb-padding-top:120px;--awb-padding-bottom:60px;--awb-padding-bottom-small:54px;--awb-margin-bottom-small:1px;--awb-background-color:#000000;\" ><div class=\"fusion-builder-row fusion-row fusion-flex-align-items-flex-start\" style=\"max-width:calc( 1200px + 80px );margin-left: calc(-80px \/ 2 );margin-right: calc(-80px \/ 2 );\"><div class=\"fusion-layout-column fusion_builder_column fusion-builder-column-1 fusion_builder_column_1_1 1_1 fusion-flex-column fusion-animated\" style=\"--awb-bg-blend:overlay;--awb-bg-size:cover;--awb-width-large:100%;--awb-margin-top-large:0px;--awb-spacing-right-large:40px;--awb-margin-bottom-large:20px;--awb-spacing-left-large:40px;--awb-width-medium:100%;--awb-spacing-right-medium:40px;--awb-spacing-left-medium:40px;--awb-width-small:100%;--awb-spacing-right-small:40px;--awb-spacing-left-small:40px;\" data-animationType=\"fadeInUp\" data-animationDuration=\"0.6\" data-animationOffset=\"top-into-view\"><div class=\"fusion-column-wrapper fusion-flex-justify-content-flex-start fusion-content-layout-column\"><div class=\"fusion-content-boxes content-boxes columns row fusion-columns-3 fusion-columns-total-3 fusion-content-boxes-1 content-boxes-icon-on-top content-left\" style=\"--awb-title-color:var(--awb-color4);--awb-hover-accent-color:var(--awb-color4);--awb-circle-hover-accent-color:var(--awb-color4);\" data-animationOffset=\"top-into-view\"><div style=\"--awb-backgroundcolor:rgba(255,255,255,0);\" class=\"fusion-column content-box-column content-box-column content-box-column-1 col-lg-4 col-md-4 col-sm-4 fusion-content-box-hover content-box-column-first-in-row\"><div class=\"col content-box-wrapper content-wrapper link-area-link-icon content-icon-wrapper-yes icon-hover-animation-fade\" data-animationOffset=\"top-into-view\"><div class=\"heading heading-with-icon icon-left\"><div class=\"icon\"><span style=\"height:42px;width:42px;line-height:22px;border-color:rgba(255,255,255,0);border-width:1px;border-style:solid;background-color:var(--awb-color7);box-sizing:content-box;border-radius:50%;\"><i style=\"border-color:var(--awb-color7);border-width:1px;background-color:var(--awb-color4);box-sizing:content-box;height:40px;width:40px;line-height:40px;border-radius:50%;position:relative;top:auto;left:auto;margin:0;border-radius:50%;font-size:20px;\" aria-hidden=\"true\" class=\"fontawesome-icon fa-balance-scale fas circle-yes\"><\/i><\/span><\/div><h3 class=\"content-box-heading\" style=\"--h3_typography-font-size:24px;line-height:29px;\">Wof\u00fcr brauche ich ein Gutachten?<br \/>\n<\/h3><\/div><div class=\"fusion-clearfix\"><\/div><div class=\"content-container\">\n<p style=\"color: #ffffff;\" align=\"left\">Ein Schadengutachten dient der Beweissicherung und beziffert die H\u00f6he Ihrer Schadenersatzanspr\u00fcche. Ein Gutachten gibt Auskunft \u00fcber den Wert Ihres Fahrzeuges vor und nach dem Schadeneintritt, eine eventuell anfallende Wertminderung, die Reparatur- bzw. Wiederbeschaffungsdauer sowie Nutzungsausfall- und Mietwagenklasse.<\/p>\n<p style=\"color: #ffffff;\" align=\"left\">Dar\u00fcber hinaus kann ein Gutachten R\u00fcckschl\u00fcsse auf den Schadenhergang liefern. Z\u00f6gern Sie nicht, mir Ihren Fall zu schildern. Ich beraten sie gerne kostenlos und unverbindlich.<\/p>\n<\/div><\/div><\/div><div style=\"--awb-backgroundcolor:rgba(255,255,255,0);\" class=\"fusion-column content-box-column content-box-column content-box-column-2 col-lg-4 col-md-4 col-sm-4 fusion-content-box-hover \"><div class=\"col content-box-wrapper content-wrapper link-area-link-icon content-icon-wrapper-yes icon-hover-animation-fade\" data-animationOffset=\"top-into-view\"><div class=\"heading heading-with-icon icon-left\"><div class=\"icon\"><span style=\"height:42px;width:42px;line-height:22px;border-color:rgba(255,255,255,0);border-width:1px;border-style:solid;background-color:var(--awb-color7);box-sizing:content-box;border-radius:50%;\"><i style=\"border-color:var(--awb-color7);border-width:1px;background-color:var(--awb-color4);box-sizing:content-box;height:40px;width:40px;line-height:40px;border-radius:50%;position:relative;top:auto;left:auto;margin:0;border-radius:50%;font-size:20px;\" aria-hidden=\"true\" class=\"fontawesome-icon fa-comment-alt fas circle-yes\"><\/i><\/span><\/div><h3 class=\"content-box-heading\" style=\"--h3_typography-font-size:24px;line-height:29px;\">Darf ich ein Gutachten bestellen?<br \/>\n<\/h3><\/div><div class=\"fusion-clearfix\"><\/div><div class=\"content-container\">\n<div align=\"left\"><span style=\"color: #ffffff;\">Im Fall eines unverschuldet erlittenen Haftpflichtschadens haben Sie das Recht einen Sachverst\u00e4ndigen Ihres Vertrauens zu beauftragen. Die Kosten hierf\u00fcr hat Ihnen die gegnerische Versicherung zu erstatten. Das gilt auch dann, wenn die Versicherung bereits einen Sachverst\u00e4ndigen beauftragt haben sollte. Im Fall einer Teilschuld werden Ihnen die Kosten entsprechend der Quote erstattet. Z\u00f6gern Sie nicht, mir Ihren Fall zu schildern. Ich berate Sie gerne kostenlos und unverbindlich.<\/span><\/div>\n<\/p>\n<\/div><\/div><\/div><div style=\"--awb-backgroundcolor:rgba(255,255,255,0);\" class=\"fusion-column content-box-column content-box-column content-box-column-3 col-lg-4 col-md-4 col-sm-4 fusion-content-box-hover content-box-column-last content-box-column-last-in-row\"><div class=\"col content-box-wrapper content-wrapper link-area-link-icon content-icon-wrapper-yes icon-hover-animation-fade\" data-animationOffset=\"top-into-view\"><div class=\"heading heading-with-icon icon-left\"><div class=\"icon\"><span style=\"height:42px;width:42px;line-height:22px;border-color:rgba(255,255,255,0);border-width:1px;border-style:solid;background-color:var(--awb-color7);box-sizing:content-box;border-radius:50%;\"><i style=\"border-color:var(--awb-color7);border-width:1px;background-color:var(--awb-color4);box-sizing:content-box;height:40px;width:40px;line-height:40px;border-radius:50%;position:relative;top:auto;left:auto;margin:0;border-radius:50%;font-size:20px;\" aria-hidden=\"true\" class=\"fontawesome-icon fa-coins fas circle-yes\"><\/i><\/span><\/div><h3 class=\"content-box-heading\" style=\"--h3_typography-font-size:24px;line-height:29px;\">Wer bezahlt die Kosten?<\/h3><\/div><div class=\"fusion-clearfix\"><\/div><div class=\"content-container\">\n<div align=\"left\"><span style=\"color: #ffffff;\">Die Kosten f\u00fcr das Gutachten werden Ihnen entsprechend dem Verh\u00e4ltnis Ihrer Unschuld von der gegnerischen Versicherung erstattet. Sie k\u00f6nnen die Kosten auch an mich abtreten, woraufhin Ich direkt mit der Versicherung abrechne. Sie brauchen nicht in Vorleistung treten. Das Honorar richtet sich nach der Schadenh\u00f6he und orientiert sich an den g\u00e4ngigen von der Rechtsprechung anerkannten Honorartableaus. Z\u00f6gern Sie nicht, mir Ihren Fall zu schildern. Ich berate sie gerne kostenlos und unverbindlich.<\/span><\/div>\n<\/p>\n<\/div><\/div><\/div><div class=\"fusion-clearfix\"><\/div><\/div><\/div><\/div><div class=\"fusion-layout-column fusion_builder_column fusion-builder-column-2 fusion_builder_column_1_1 1_1 fusion-flex-column fusion-animated\" style=\"--awb-bg-blend:overlay;--awb-bg-size:cover;--awb-width-large:100%;--awb-margin-top-large:0px;--awb-spacing-right-large:40px;--awb-margin-bottom-large:20px;--awb-spacing-left-large:40px;--awb-width-medium:100%;--awb-spacing-right-medium:40px;--awb-spacing-left-medium:40px;--awb-width-small:100%;--awb-spacing-right-small:40px;--awb-spacing-left-small:40px;\" data-animationType=\"fadeInUp\" data-animationDuration=\"0.6\" data-animationOffset=\"top-into-view\"><div class=\"fusion-column-wrapper fusion-flex-justify-content-flex-start fusion-content-layout-column\"><div class=\"fusion-content-boxes content-boxes columns row fusion-columns-3 fusion-columns-total-3 fusion-content-boxes-2 content-boxes-icon-on-top content-left\" style=\"--awb-title-color:var(--awb-color4);--awb-hover-accent-color:var(--awb-color4);--awb-circle-hover-accent-color:var(--awb-color4);\" data-animationOffset=\"top-into-view\"><div style=\"--awb-backgroundcolor:rgba(255,255,255,0);\" class=\"fusion-column content-box-column content-box-column content-box-column-1 col-lg-4 col-md-4 col-sm-4 fusion-content-box-hover content-box-column-first-in-row\"><div class=\"col content-box-wrapper content-wrapper link-area-link-icon content-icon-wrapper-yes icon-hover-animation-fade\" data-animationOffset=\"top-into-view\"><div class=\"heading heading-with-icon icon-left\"><div class=\"icon\"><span style=\"height:42px;width:42px;line-height:22px;border-color:rgba(255,255,255,0);border-width:1px;border-style:solid;background-color:var(--awb-color7);box-sizing:content-box;border-radius:50%;\"><i style=\"border-color:var(--awb-color7);border-width:1px;background-color:var(--awb-color4);box-sizing:content-box;height:40px;width:40px;line-height:40px;border-radius:50%;position:relative;top:auto;left:auto;margin:0;border-radius:50%;font-size:20px;\" aria-hidden=\"true\" class=\"fontawesome-icon fa-hand-paper fas circle-yes\"><\/i><\/span><\/div><h3 class=\"content-box-heading\" style=\"--h3_typography-font-size:24px;line-height:29px;\">Anderen Sachverst\u00e4ndiger akzeptieren?<br \/>\n<\/h3><\/div><div class=\"fusion-clearfix\"><\/div><div class=\"content-container\">\n<p style=\"color: #ffffff;\" align=\"left\">Im Haftpflichtschadenfall steht Ihnen aus Gr\u00fcnden der Chancengleichheit gegen\u00fcber dem Versicherer ein objektiver und neutraler Sachverst\u00e4ndiger Ihres Vertrauens zu. Sie brauchen sich nicht auf einen Sachverst\u00e4ndigen der Versicherung verweisen lassen. Warum sollten Sie die H\u00f6he des Schadens von der gegnerischen Versicherung bestimmen lassen? Sorgen Sie daf\u00fcr, dass Ihre Interessen geb\u00fchrend vertreten werden und beauftragen Sie einen unabh\u00e4ngigen Sachverst\u00e4ndigen.<\/p>\n<\/div><\/div><\/div><div style=\"--awb-backgroundcolor:rgba(255,255,255,0);\" class=\"fusion-column content-box-column content-box-column content-box-column-2 col-lg-4 col-md-4 col-sm-4 fusion-content-box-hover \"><div class=\"col content-box-wrapper content-wrapper link-area-link-icon content-icon-wrapper-yes icon-hover-animation-fade\" data-animationOffset=\"top-into-view\"><div class=\"heading heading-with-icon icon-left\"><div class=\"icon\"><span style=\"height:42px;width:42px;line-height:22px;border-color:rgba(255,255,255,0);border-width:1px;border-style:solid;background-color:var(--awb-color7);box-sizing:content-box;border-radius:50%;\"><i style=\"border-color:var(--awb-color7);border-width:1px;background-color:var(--awb-color4);box-sizing:content-box;height:40px;width:40px;line-height:40px;border-radius:50%;position:relative;top:auto;left:auto;margin:0;border-radius:50%;font-size:20px;\" aria-hidden=\"true\" class=\"fontawesome-icon fa-question fas circle-yes\"><\/i><\/span><\/div><h3 class=\"content-box-heading\" style=\"--h3_typography-font-size:24px;line-height:29px;\">Reicht Kostenvoranschlag?<br \/>\n<\/h3><\/div><div class=\"fusion-clearfix\"><\/div><div class=\"content-container\">\n<p style=\"color: #ffffff;\" align=\"left\">                                                                                                  Bei einer Schadensumme bis etwa 750,00 Euro reicht in der Regel ein Kostenvoranschlag. Bei der Taxierung der Schadensumme hilft Ihnen Ihr Sachverst\u00e4ndiger.<\/p>\n<p style=\"color: #ffffff;\" align=\"left\">Ihr Sachverst\u00e4ndiger entscheidet ob ein Kostenvoranschlag ausreicht. Sobald gr\u00f6\u00dfere Lacksch\u00e4den vorliegen, Assistenzsysteme oder sicherheitsrelevante Bauteile (z.B. R\u00e4der) betroffen sind, liegt in der Regel kein Bagatellschaden mehr vor.<\/p>\n<\/div><\/div><\/div><div style=\"--awb-backgroundcolor:rgba(255,255,255,0);\" class=\"fusion-column content-box-column content-box-column content-box-column-3 col-lg-4 col-md-4 col-sm-4 fusion-content-box-hover content-box-column-last content-box-column-last-in-row\"><div class=\"col content-box-wrapper content-wrapper link-area-link-icon content-icon-wrapper-yes icon-hover-animation-fade\" data-animationOffset=\"top-into-view\"><div class=\"heading heading-with-icon icon-left\"><div class=\"icon\"><span style=\"height:42px;width:42px;line-height:22px;border-color:rgba(255,255,255,0);border-width:1px;border-style:solid;background-color:var(--awb-color7);box-sizing:content-box;border-radius:50%;\"><i style=\"border-color:var(--awb-color7);border-width:1px;background-color:var(--awb-color4);box-sizing:content-box;height:40px;width:40px;line-height:40px;border-radius:50%;position:relative;top:auto;left:auto;margin:0;border-radius:50%;font-size:20px;\" aria-hidden=\"true\" class=\"fontawesome-icon fa-user-alt fas circle-yes\"><\/i><\/span><\/div><h3 class=\"content-box-heading\" style=\"--h3_typography-font-size:24px;line-height:29px;\">Anfahrt und Erstberatung sind immer kostenlos<\/h3><\/div><div class=\"fusion-clearfix\"><\/div><div class=\"content-container\">\n<div>\n<p style=\"color: #ffffff;\" align=\"left\">Sie brauchen Unterst\u00fctzung in Sachen Motorradunfall, Schadengutachten, Kfz-Gutachten, Kostenvoranschlag? Dann kontaktieren Sie hier Ihren Kfz-Sachverst\u00e4ndigen rund um Augsburg. Ich bin immer schnell f\u00fcr Sie vor Ort.<\/p>\n<\/div>\n<\/div><\/div><\/div><div class=\"fusion-clearfix\"><\/div><\/div><\/div><\/div><\/div><\/div><\/p>\n","protected":false},"excerpt":{"rendered":"","protected":false},"author":1,"featured_media":0,"parent":0,"menu_order":0,"comment_status":"closed","ping_status":"closed","template":"100-width.php","meta":[],"_links":{"self":[{"href":"https:\/\/crashzentrale.de\/index.php?rest_route=\/wp\/v2\/pages\/2131"}],"collection":[{"href":"https:\/\/crashzentrale.de\/index.php?rest_route=\/wp\/v2\/pages"}],"about":[{"href":"https:\/\/crashzentrale.de\/index.php?rest_route=\/wp\/v2\/types\/page"}],"author":[{"embeddable":true,"href":"https:\/\/crashzentrale.de\/index.php?rest_route=\/wp\/v2\/users\/1"}],"replies":[{"embeddable":true,"href":"https:\/\/crashzentrale.de\/index.php?rest_route=%2Fwp%2Fv2%2Fcomments&post=2131"}],"version-history":[{"count":21,"href":"https:\/\/crashzentrale.de\/index.php?rest_route=\/wp\/v2\/pages\/2131\/revisions"}],"predecessor-version":[{"id":2423,"href":"https:\/\/crashzentrale.de\/index.php?rest_route=\/wp\/v2\/pages\/2131\/revisions\/2423"}],"wp:attachment":[{"href":"https:\/\/crashzentrale.de\/index.php?rest_route=%2Fwp%2Fv2%2Fmedia&parent=2131"}],"curies":[{"name":"wp","href":"https:\/\/api.w.org\/{rel}","templated":true}]}}